eds digit of x?
6
Let s be 38/76*(3 + 1 + -2). Let c be (10/6)/(s - (-25)/(-30)). Let r(o) = -o**3 + 7*o**2 + 32*o + 9. What is the units digit of r(c)?
9
Suppose 31*i - 261716 = -5*i + 8*i. What is the units digit of i?
7
Let s(x) = 24*x**3 - 4*x + 4. Let w be s(1). What is the hundreds digit of (-10976)/(-48) - (-2 + w/9)?
2
Let g(j) = 682*j - 34. Let v be g(-5). Let d = 1104 + v. What is the hundreds digit of 1/2*-3*d/27?
1
Suppose 0 = -o, 3*f - 83*o - 19005 = -87*o. What is the tens digit of f?
3
What is the hundreds digit of -9 + 8016 + (-5)/((15/3)/(-5))?
0
Let m be 9/((-486)/12) + (-290)/(-9). Let j = -24 + m. Suppose -4*u + 4*f - 169 = -537, 2*f + j = 0. What is the tens digit of u?
8
Let q(c) = 113*c**2 + 201*c + 5434. What is the tens digit of q(-27)?
8
Suppose 2 = 2*k + 2*z, 0 = 21*k - 26*k + z + 17. Suppose -3*n - 3434 = -5*d, -2*d = -n + k*n - 1364. What is the hundreds digit of d?
6
Suppose -18*h = -4*h + 9*h - 156952. What is the thousands digit of h?
6
Suppose -171 - 99 = -q. Suppose 0 = -5*v - 110 + q. Suppose 2*n - v = 24. What is the units digit of n?
8
Let s(a) = 13*a + 61. Let v be s(13). Let g = -8 - -8. Suppose -b - 2*c - v = -3*b, -5*c = g. What is the hundreds digit of b?
1
What is the hundreds digit of -4 + -25*((-2440)/50 - 0)?
2
Suppose -5*k + 2*p + 257322 = 0, -5*p - 24468 = -k + 26978. What is the thousands digit of k?
1
Let h = 2620 - 2756. Let w(t) = -8*t**2 - 4*t + 6. Let m be w(5). Let j = h - m. What is the tens digit of j?
7
Suppose 12*h = -79*h + 585130. What is the tens digit of h?
3
Suppose 0 = -6*p - 2*v - 29523 + 128439, 4*v = 24. What is the ten thousands digit of p?
1
Suppose 13*q - 26*q = 40755. Let o = 4416 + q. What is the units digit of o?
1
Suppose -5*i + 7 = 3*o - 6, 5*o - 5 = 0. Suppose -3*c = -i*n - 688, -4*n - 1144 = -5*c - 0*n. What is the hundreds digit of c?
2
Let h = 9697 + -2752. What is the thousands digit of h?
6
Suppose 15*k - 11979 = -984. What is the hundreds digit of k?
7
Let a(z) = 7*z**2 - 3*z - 33. Let l(b) = 11*b**2 - 5*b - 49. Let m = 52 - 47. Let h(t) = m*l(t) - 8*a(t). What is the tens digit of h(0)?
1
What is the units digit of (-13026489)/(-189) + 0 + (-8)/36?
3
Let f = -130 - -190. Let t(h) = -f*h - 74*h - 5 + 4*h. What is the units digit of t(-1)?
5
Let w be ((-10 + 12)/2)/((-2)/12). Let d(k) be the second derivative of k**4/6 + 4*k**3/3 - 5*k**2/2 + 2*k. What is the tens digit of d(w)?
1
Suppose 10*z + 4*x = 6*z + 4212, -5*x + 2106 = 2*z. Let j = z - 648. What is the tens digit of j?
0
Let v(p) = 1565*p - 311. What is the units digit of v(4)?
9
Let b be 3*-349 + -10*(-10)/20. Let m = -680 - b. What is the tens digit of m?
6
Let q(d) = d**3 + 2*d**2 + 11*d - 8. Let n be q(8). Suppose -14*k + n = -4*k. Suppose 4*f = 4*r + 91 - 19, -4*f + k = 2*r. What is the tens digit of f?
1
Let p(g) be the second derivative of -9*g**5/5 + 5*g**4/12 + g**3/6 - g**2 - 39*g. Let b be p(-3). Suppose -9*f - b = -13*f. What is the tens digit of f?
5
Let i(d) = 5*d + 5. Let q be i(2). What is the units digit of ((-605)/q)/((-4)/12)?
1
Let n be (-599517)/(-135) - 8/(-60). Suppose -n = -2*h - 1683. What is the thousands digit of h?
1
Let r = 115 + 10551. What is the thousands digit of r?
0
Let o(u) = -u**3 + 7*u**2 - 8*u + 13. Let t be o(6). Suppose -2*k - 13 - t = 0. What is the units digit of (k - -1)*(-58)/3?
6
Let i = 86 - 82. Let y be (-9812)/(-8) + (-2)/i. Suppose 20 = -4*k, -4*x + y - 355 = -3*k. What is the tens digit of x?
1
Suppose 5*y = -685 + 1920. Let j = -102 + y. What is the tens digit of j?
4
Suppose -168*q + 114468 = -2038116. What is the ten thousands digit of q?
1
What is the units digit of (-8 - 49/(-7))*-5 - 8 - -9484?
1
Let c = -13455 - -21948. What is the units digit of c?
3
Suppose 2*h - 5*f = 46, -h = h - f - 62. Suppose -h*j + 5370 - 849 = 0. What is the hundreds digit of j?
1
Let s = 88 - 80. Suppose 0 = -3*u - 2*w + 5015, s*u - 10*u + 3347 = 5*w. What is the thousands digit of u?
1
Suppose 5*v = -4*s + 7 + 1016, 5*s = 4*v + 1330. Let j = s - -66. What is the hundreds digit of j?
3
Suppose -127*j + 3591445 = -6046585. What is the tens digit of j?
9
What is the tens digit of (-84043)/(-5) + (-903)/(-645)?
1
What is the hundreds digit of (2*-2)/(23 + (-641448)/27888)?
6
Let k be (-9074)/(-260) + 3/30. Suppose 29*n + 7272 = k*n. What is the hundreds digit of n?
2
Let y(g) = -g**2 - 3*g + 2. Let t be y(3). Let i be t/(-20)*5 + 0 + 0. Suppose 9*l = i*l + 265. What is the tens digit of l?
5
Let r(o) = -o**3 - 5*o**2 + 4*o - 12. Let c be r(-6). Suppose 4*t = -z + 1376, c = 2*t + 3*z - 239 - 449. Suppose q + t = 9*q. What is the units digit of q?
3
Suppose -3*n = -c - 16, -27*c + 3*n = -28*c + 20. Let l be 8/(-3)*3/(-2). Suppose l*o = 3*m + 71 + 17, -8 = -c*m. What is the tens digit of o?
2
Let o(m) = m - 22. Let q(t) = -4*t - 38. Let s be q(-15). Let y be o(s). Suppose 2*u - 3*u + 30 = 4*v, 2*v - 6 = y. What is the units digit of u?
8
Let t(r) = -54*r**3 + 3*r**2 + 6*r + 3. Let x = -129 - -127. What is the tens digit of t(x)?
3
Suppose -3*m = -2*g - 13151, -240*m + 243*m - 13165 = -5*g. What is the hundreds digit of m?
3
What is the ten thousands digit of -5 + (-15)/((-75)/308045)?
6
Suppose -5*c = 3*j - 960, -c - 3*j = -2*j - 190. Let r = -168 + c. What is the units digit of r?
7
Let w(d) = 2*d. Let t(z) = -23*z + 96. Let g(m) = t(m) + 6*w(m). What is the tens digit of g(-17)?
8
Suppose -383*r = -386*r + 66930. What is the ten thousands digit of r?
2
Let d be 15/((-25)/(-5)) + 10. Let u = 16 - d. What is the hundreds digit of 2 - (-4 - 317)/u?
1
Suppose -3 = -3*o, x + 4*o + o = -19. Let i be ((-6)/(-5))/(x/(-160)). Suppose i*v - 9 = -1. What is the units digit of v?
1
Let z(j) = 167*j**2 + 231*j + 3096. What is the tens digit of z(-14)?
9
Suppose -594 = 5*t + 936. Let k = 667 + t. What is the hundreds digit of k?
3
Suppose 8751 = w + 3*a, -4*a + 3479 = w - 5266. What is the thousands digit of w?
8
Let n(y) be the second derivative of -5*y**5/24 + y**4/6 + y**3 - 3*y. Let a(v) be the second derivative of n(v). What is the tens digit of a(-1)?
2
Let k(b) be the third derivative of 8*b**5/15 + 5*b**4/24 - b**3/2 - 6*b**2 + 3. What is the tens digit of k(1)?
3
Let y(h) = 49*h**2 + 33. Let o be y(7). Let u = -1610 + o. What is the units digit of u?
4
Suppose -154*r + 104365 = -155125. What is the thousands digit of r?
1
Let k be (0 - 1 - (-5)/(-1))/(-2). Suppose i = -q + 12, 0 = -5*q - k*i + 47 + 23. What is the units digit of q?
7
Let o(q) = 95*q**2 - 14*q - 24. What is the thousands digit of o(8)?
5
Let s = 5800 + -4379. What is the units digit of s?
1
Let w = 1548 - 2512. Let o = -654 - w. What is the tens digit of o?
1
Suppose -2*r = -a - 19562, 8879 = 4*r + 2*a - 30221. What is the thousands digit of r?
9
Suppose 5*k = -g + 1869 + 5694, 0 = 5*g + 2*k - 37792. What is the tens digit of g?
5
Let u = 2699 - -11900. What is the tens digit of u?
9
Suppose -3*f - 5*f + 16 = 0. Suppose 3*t - 118 = -5*x, 3*x - 29 = -f*t + 48. Suppose 510 = t*w - 26*w. What is the tens digit of w?
0
Suppose 3*b - 26130 = -2*z - 0*z, -4*b + 4*z = -34880. What is the hundreds digit of b?
7
Let n = 10077 + 24393. What is the hundreds digit of n?
4
Suppose -3*p = -12051 - 10020. What is the units digit of p?
7
What is the ten thousands digit of (-202332)/(-91)*70/15 - 9?
1
Let t(q) be the third derivative of q**5/60 + q**4/3 - 5*q**3 + 8*q**2. Let n be t(-11). Suppose -70 = -5*w + n*w. What is the units digit of w?
5
Suppose k - 15100 = -3*t, -4*k - 5*k - 3*t = -135972. What is the thousands digit of k?
5
Suppose 13900*x - 325620 = 13880*x. What is the hundreds digit of x?
2
Let k be (-2276)/(-7) - 9/63. Suppose -7*s - 140 = -b - 2*s, -2*b + s = -k. Let h = 269 - b. What is the tens digit of h?
0
Let s(c) = -19*c**3 + 17*c**2 + 60*c + 43. What is the ten thousands digit of s(-8)?
1
Let v be 1 + -3 + (-308 - -3). Let g be (-54)/(-36) + 365/(-2). Let t = g - v. What is the tens digit of t?
2
Let y = -6925 + 2802. What is the tens digit of (-2)/(-2*(-7)/y)?
8
Let w(q) = 20*q**2 - 49*q + 458. What is the ten thousands digit of w(24)?
1
Suppose 18*w - 633 = 36465. What is the thousands digit of w?
2
Let u = -126 + 617. Let j = u - 194. Suppose -3*g + 927 = j. What is the units digit of g?
0
What is the 